at is the units digit of x?
6
Suppose 9*z - 27*z = -7686. Suppose -2*t + 2475 = -2*n + z, -3*n = 5*t - 5120. What is the hundreds digit of t?
0
Let d be -6*(-3)/(-81) + 430/(-9). What is the hundreds digit of (-101)/(((-56)/(-7))/d)?
6
Suppose 3*u - 10229 = -2*v + 866, -u - 88935 = -16*v. What is the tens digit of v?
5
Suppose -4*i = l, -2*l + 2*i + i = 0. What is the units digit of 57 - -1 - (l + 5)?
3
Suppose -38052 = -4*x + 4*s + 93172, 2*s = -3*x + 98383. What is the thousands digit of x?
2
Let k(y) = y**3 - y**2 + 4*y - 6. Let m be k(7). Suppose -102 = 2*s - m. Suppose 2*i - 27 = s. What is the tens digit of i?
6
Let u be (-20 - -10)*(-2)/4. Let b be 8*(-2)/(-20)*25. What is the tens digit of (u + 258/30)/(2/b)?
3
Let r be -3 + 4 + -5 + 1591. Suppose 0 = 4*o - o - r. What is the hundreds digit of o?
5
Let g = 73 + -79. Let r(j) = -7*j. What is the units digit of r(g)?
2
Let l(k) = -k**3 - 6*k**2 - 7*k + 1. Let h be l(-5). Suppose 3950 + 1649 = h*o. What is the tens digit of o?
0
Let v(w) = -w**2 + 54*w + 36. Let z be v(54). What is the hundreds digit of z/18*2514/4?
2
Suppose u + s - 2 = 0, -2*u - u + 6 = -3*s. Suppose f = 3*k + u*k - 592, -f - 354 = -3*k. What is the tens digit of k?
1
Suppose -55 = 5*j - 440. Suppose 5*s + 3*q - 1790 = 0, 0 = -0*s + s + q - 360. Suppose -s - j = -16*y. What is the units digit of y?
7
Let s(t) = 31*t - 993. Let j be s(22). Suppose 3*c - 1143 = 336. Let x = j + c. What is the tens digit of x?
8
Suppose 42 = 5*x + 22, 4*x - 136 = 2*c. What is the hundreds digit of 427*(c/9)/(14/(-3))?
6
Let n(r) = -r**2 + 9*r + 16. Suppose 5*a - q = -2*q + 14, 2*q = 4*a. Suppose 0 = -0*l + a*l - 16. What is the tens digit of n(l)?
2
Let m be (22/(-176))/((-3)/(-24)). Let f(t) = 3*t - 3. Let d be f(5). What is the units digit of 22 - m/((-2)/(d/(-2)))?
5
Let w = -44 - -46. Suppose 4*m - 12 - 14 = -2*d, -w*d = -5*m + 19. Suppose d*u - 2*u - 133 = -s, 268 = 2*s + 4*u. What is the hundreds digit of s?
1
Suppose -2*b + 9*b = -4368. Let r = 748 - b. What is the units digit of r?
2
Let q(j) = j**3 + 8*j**2 + j - 8. Let o be q(-8). Let m = 25 + o. Suppose -359 - 352 = -m*r. What is the units digit of r?
9
Let j(b) = 35*b**2 - b + 4. Let c be j(-3). Let v(l) = -4*l**3 + 29*l**2 + 7*l - 6. Let f be v(6). Let z = c - f. What is the tens digit of z?
0
Let k = 37405 - 18507. What is the hundreds digit of k?
8
Suppose 7*w - 8*w = -4. Suppose -2492 = -0*g - w*g. What is the hundreds digit of g?
6
Suppose 4*z - 3946 = 134*n - 137*n, 0 = -3*z + n + 2953. What is the units digit of z?
5
Suppose -3*g = -0*g - 222. Let m = 219 - 111. Let y = m - g. What is the units digit of y?
4
Suppose 19*q - 85 = -9. Suppose -s = 3*c - 107 - 126, -3*c + 896 = q*s. What is the hundreds digit of s?
2
Suppose -11*y + 142952 = -53508. Suppose 0 = 19*z - 0*z - y. What is the hundreds digit of z?
9
Let t = 51 + -50. Let u = t - -7. Suppose d = -u*d + 468. What is the tens digit of d?
5
Suppose 12 = -a - d, -3*a - 48 + 8 = 4*d. Let c be (6/3)/((-2)/(-34)). Let t = c + a. What is the tens digit of t?
2
Suppose -202*l + 195*l + 35 = 0. Suppose l*b - 4 = 3*b, 4*b - 1484 = -3*m. What is the units digit of m?
2
Let y = 46 + -36. Suppose y + 6 = 4*c. Suppose -h + 17 = 2*v - 7, -48 = -c*v - 5*h. What is the units digit of v?
2
Let l = -899 + 1610. Let u = l + -494. What is the hundreds digit of u?
2
Let n = 4969 + -2635. Let k = -1464 + n. What is the tens digit of k?
7
Let d = -140 - -273. Suppose d = 5*c - 2*t, -5 = -8*t + 3*t. What is the tens digit of c?
2
Suppose 5*k = 5*q + 36675, -q - 17711 = -4*k + 11620. What is the tens digit of k?
3
Suppose -43 = 7*d + 13. Let q(z) = 3*z + 27. Let a be q(d). Suppose -a*i + 4*x + 507 = x, -5*i = -2*x - 839. What is the units digit of i?
7
Let h(f) = f**2 - 86*f - 999. What is the thousands digit of h(-88)?
4
Let d be 46 + (-6 + 3 - 1). Let a be (d/(-4))/(2/(64/(-12))). Let k = a - 24. What is the units digit of k?
4
Let b = 66 + -34. Suppose -14 = 2*y + 5*d, y - 4*d = -y - b. What is the units digit of 0 - ((-428)/10 - y/15)?
2
Suppose -5*u = -66 + 31. Let d(b) = 16*b**2 - 3*b + 2. Let w be d(2). Suppose 11*g - w = u*g. What is the tens digit of g?
1
Let a(r) = 101*r**2 + 2*r + 453. What is the thousands digit of a(17)?
9
Let v = 182 + -180. Suppose -3*d = -v*c - 446, -11*d - 5*c + 633 = -7*d. What is the hundreds digit of d?
1
Let l be (-5 + 38/(-8))*-8. Suppose g = 14*g - l. Let k = g - -125. What is the hundreds digit of k?
1
Let o(u) = 19*u**2 + 11*u + 12. Let m be (-225)/(-30)*12/10. What is the thousands digit of o(m)?
1
Let a = 415 + -413. What is the units digit of ((-8160)/(-200))/(a/10)?
4
Let a = -2999 + 8621. What is the units digit of a?
2
Let p = 10627 + -6788. What is the hundreds digit of p?
8
Suppose 24*l = -32*l - 2*l + 384192. What is the units digit of l?
4
Let b = 162 - 83. Let y = b + -3. What is the units digit of y?
6
Let z = -10491 - -18068. What is the units digit of z?
7
Let k(d) = 939*d + 9. What is the hundreds digit of k(17)?
9
Let k = -19 + 20. Suppose 80 = -0*r + 8*r. Let m = r + k. What is the units digit of m?
1
Suppose 17150 = -39*p + 196294 + 115579. What is the tens digit of p?
5
Let a be (1 - 2)/((-1)/41). Suppose -5*k + 1266 = a. Let l = k + -141. What is the units digit of l?
4
What is the tens digit of ((-14)/(-2) + -8)*(-3128 - (-2 + -3))?
2
Let f be ((-2)/(-6))/((-3)/(-63)). Suppose 9*h - f*h = 14. Suppose 4*d - h*d = -60. What is the units digit of d?
0
Let d = 10241 - 9957. What is the tens digit of d?
8
Let n = -1162 - -4062. Suppose -5*u - 95 + n = 0. What is the hundreds digit of u?
5
Let d(v) = -2*v**3 - 18*v**2 + 3*v + 29. Let g be d(-9). Suppose g*n = 47 + 303. What is the units digit of n?
5
Let c(m) = 166*m**2 - 5*m + 1. Let x be c(1). Suppose -7*k + x + 62 = 0. Suppose -29*i = -k*i + 213. What is the units digit of i?
1
Let j = 34339 - 6720. What is the thousands digit of j?
7
Let y be 5/4 - (-92990)/136. Let g = 1662 - y. What is the units digit of g?
7
Suppose 515 - 112 = 13*u. Let f = 1181 - u. Suppose 15*q - f = 10*q. What is the units digit of q?
0
Let f(i) = 5*i**2 + 58*i - 22. Let s be f(-12). Suppose -3*w + 2*t + 385 = -635, 5*t + 680 = s*w. What is the tens digit of w?
4
Suppose -z + 5 = 0, 4*d + 37 + 77 = 2*z. Let h = -22 - d. Suppose -b - 2*b = -5*f + 1063, -1091 = -5*f - h*b. What is the hundreds digit of f?
2
Let r = 567 + -564. Suppose 3*y + 5*k + 691 = 0, -2*y - 2*k - 898 = 2*y. What is the tens digit of 7 + -4 - y/r?
7
Suppose 9*o + 0*o - 27 = 0. Let h be (400/(-12) + o)/((-2)/24). Let y = h + -243. What is the units digit of y?
1
Let z(b) = 3*b**2 - 172*b + 1285. What is the ten thousands digit of z(105)?
1
Suppose 13*x - 12351 = -55615. What is the tens digit of x/(-40) - (-4)/5?
8
Let f = 435 + -407. Suppose -2*d = f*d - 25650. What is the tens digit of d?
5
Let k be ((-2)/(-17) - 837/612)*152. Let j = k - -213. What is the units digit of j?
3
What is the units digit of (1655496/(-162))/(10/(-45))?
6
What is the tens digit of ((-7622)/(-37))/((-4)/(-38))?
5
Let w = -704 - -13989. What is the hundreds digit of w?
2
Let m be 0 + (-7)/((-49)/483). Suppose -237 = -6*w - m. What is the tens digit of w?
2
Let z = -132 + 149. Let q(h) = -h**3 + 19*h**2 - 21*h + 26. What is the units digit of q(z)?
7
Let i = 185 - 128. Suppose -q + 195 = 4*n, -191 = 2*n - 6*n - 5*q. Suppose i + n = c. What is the units digit of c?
6
What is the ten thousands digit of 2/25*6145*(3 + 0 + 42)?
2
Let v(o) = 280*o**2 + 4*o. Let j be v(2). Suppose -2*d - 832 = -3*i, 2*d + 0*d = -4*i + j. What is the hundreds digit of i?
2
Let l = 100 + -458. Let b = 98 - l. What is the units digit of b?
6
Let r = 32 + -31. What is the hundreds digit of 1221 - ((-60)/10 - r)?
2
Let c(p) = 82*p + 1936. What is the tens digit of c(76)?
6
Let i be 0 + -161*(-2 - 8). Suppose -t + 5*a = 0, 13*t + 2*a + 90 = 17*t. What is the units digit of i/t + 4/(-10)?
4
What is the hundreds digit of ((-4064)/(-6))/(120/1980)?
1
Suppose -o = -1528*g + 1532*g - 391342, -g + 3*o + 97842 = 0. What is the hundreds digit of g?
8
Let u(g) = 19*g**3 + 21*g**2 + 17*g - 66. What is the hundreds digit of u(7)?
5
Let r(d) = d + 6. Suppose 0 = 2*x - 4*y + 16, -3*y + 2*y + 1 = 0. Let u be r(x). Suppose 245 = -u*n + 5*n. What is th